?
-56
Convert -100110 (base 2) to base 3.
-1102
What is -9 (base 13) in base 5?
-14
What is -3 (base 7) in base 12?
-3
-2 (base 16) to base 10
-2
276 (base 8) to base 13
118
What is 12 (base 3) in base 13?
5
What is 1 (base 10) in base 13?
1
What is -13 (base 9) in base 13?
-c
Convert -140 (base 9) to base 15.
-7c
Convert 12 (base 15) to base 6.
25
What is 3 (base 6) in base 3?
10
Convert 7 (base 11) to base 4.
13
Convert -8d (base 15) to base 12.
-b1
-4 (base 9) to base 5
-4
-7 (base 13) to base 16
-7
0 (base 13) to base 11
0
1 (base 6) to base 11
1
-3 (base 12) to base 10
-3
What is 1 (base 14) in base 5?
1
Convert -22 (base 8) to base 16.
-12
3 (base 9) to base 11
3
What is -125 (base 10) in base 2?
-1111101
What is 14 (base 13) in base 9?
18
Convert -1300 (base 4) to base 14.
-80
0 (base 6) to base 13
0
What is -207 (base 8) in base 5?
-1020
Convert 253 (base 7) to base 15.
91
4 (base 16) to base 11
4
What is 17 (base 11) in base 15?
13
What is 4 (base 15) in base 3?
11
Convert -5 (base 15) to base 14.
-5
What is -50 (base 14) in base 2?
-1000110
Convert 2 (base 16) to base 9.
2
Convert 10 (base 5) to base 8.
5
2 (base 5) to base 4
2
What is 89 (base 14) in base 16?
79
0 (base 7) to base 14
0
-14 (base 13) to base 9
-18
What is -1 (base 2) in base 3?
-1
What is -2 (base 4) in base 13?
-2
What is -3 (base 15) in base 9?
-3
What is 1010 (base 2) in base 4?
22
What is -7 (base 12) in base 5?
-12
What is 3 (base 13) in base 11?
3
What is 64 (base 7) in base 16?
2e
Convert 4 (base 7) to base 15.
4
111 (base 9) to base 2
1011011
What is 133 (base 5) in base 9?
47
Convert 8 (base 16) to base 10.
8
Convert 14 (base 10) to base 14.
10
Convert 17 (base 13) to base 15.
15
What is 10110110 (base 2) in base 6?
502
What is -1 (base 4) in base 11?
-1
What is -1 (base 14) in base 10?
-1
17 (base 12) to base 13
16
Convert -a (base 16) to base 8.
-12
Convert -22 (base 8) to base 12.
-16
What is 31 (base 4) in base 13?
10
-28 (base 12) to base 7
-44
Convert 3 (base 9) to base 16.
3
Convert 18 (base 9) to base 8.
21
What is -15 (base 13) in base 12?
-16
Convert -1 (base 9) to base 2.
-1
153 (base 8) to base 9
128
What is -11200 (base 3) in base 14?
-90
113 (base 10) to base 11
a3
Convert -b (base 15) to base 9.
-12
18 (base 11) to base 6
31
-34 (base 11) to base 16
-25
What is 0 (base 2) in base 11?
0
37 (base 12) to base 16
2b
What is -2e (base 16) in base 15?
-31
-54 (base 8) to base 9
-48
5 (base 15) to base 12
5
What is -1033 (base 4) in base 11?
-72
1 (base 8) to base 12
1
26 (base 9) to base 6
40
202 (base 3) to base 2
10100
What is -171 (base 9) in base 10?
-145
Convert -10021 (base 3) to base 2.
-1011000
What is -22 (base 3) in base 15?
-8
120 (base 5) to base 16
23
-273 (base 8) to base 10
-187
Convert 0 (base 15) to base 16.
0
Convert 1 (base 7) to base 9.
1
-52 (base 7) to base 10
-37
-110100 (base 2) to base 9
-57
What is -11 (base 10) in base 2?
-1011
-22 (base 14) to base 9
-33
Convert 4 (base 8) to base 10.
4
What is -40 (base 5) in base 8?
-24
-20 (base 5) to base 10
-10
What is -45 (base 6) in base 3?
-1002
0 (base 10) to base 9
0
Convert -12 (base 3) to base 8.
-5
Convert -9 (base 14) to base 11.
-9
What is 3 (base 11) in base 12?
3
What is -3 (base 9) in base 14?
-3
What is -12 (base 3) in base 12?
-5
What is 110 (base 2) in base 9?
6
Convert -3 (base 5) to base 12.
-3
Convert -6 (base 8) to base 6.
-10
8 (base 15) to base 8
10
Convert -2 (base 11) to base 15.
-2
8 (base 13) to base 12
8
Convert 12 (base 6) to base 14.
8
Convert 31 (base 4) to base 7.
16
Convert 1001 (base 2) to base 10.
9
111 (base 10) to base 13
87
What is 35 (base 15) in base 5?
200
Convert -33 (base 8) to base 14.
-1d
What is -11 (base 4) in base 12?
-5
What is 2 (base 3) in base 11?
2
What is -403 (base 5) in base 10?
-103
-97 (base 10) to base 7
-166
What is 171 (base 10) in base 14?
c3
Convert 11111 (base 3) to base 16.
79
Convert 46 (base 14) to base 10.
62
62 (base 8) to base 10
50
Convert -15 (base 8) to base 10.
-13
What is -4 (base 15) in base 12?
-4
What is 177 (base 15) in base 10?
337
Convert 85 (base 9) to base 10.
77
13 (base 7) to base 16
a
What is 4 (base 12) in base 6?
4
Convert 169 (base 10) to base 16.
a9
Convert -10000 (base 2) to base 9.
-17
Convert 5 (base 12) to base 15.
5
-20 (base 10) to base 9
-22
2 (base 3) to base 2
10
Convert 83 (base 10) to base 13.
65
-1 (base 15) to base 2
-1
Convert 212 (base 10) to base 14.
112
335 (base 6) to base 2
10000011
What is -12 (base 11) in base 5?
-23
What is -10 (base 4) in base 11?
-4
What is -b (base 14) in base 6?
-15
Convert -112 (base 7) to base 16.
-3a
What is -1 (base 6) in base 11?
-1
0 (base 14) to base 9
0
-1 (base 5) to base 13
-1
What is 2 (base 8) in base 7?
2
What is 2 (base 14) in base 11?
2
-2 (base 11) to base 16
-2
Convert -122 (base 3) to base 9.
-18
Convert -3 (base 13) to base 14.
-3
Convert -4 (base 14) to base 15.
-4
Convert -10 (base 5) to base 8.
-5
What is -2 (base 3) in base 15?
-2
What is 20 (base 9) in base 2?
10010
Convert 14 (base 10) to base 6.
22
Convert 1a2 (base 11) to base 10.
233
What is -59 (base 11) in base 7?
-121
What is 3 (base 10) in base 8?
3
Convert -1311 (base 4) to base 16.
-75
What is -35 (base 6) in base 10?
-23
What is -55 (base 12) in base 5?
-230
What is 111 (base 2) in base 7?
10
Convert 10110 (base 2) to base 15.
17
What is 12 (base 11) in base 3?
111
Convert 101 (base 2) to base 10.
5
What is 44 (base 10) in base 7?
62
Convert -221 (base 9) to base 13.
-10c
What is -8 (base 16) in base 6?
-12
Convert 20 (base 16) to base 11.
2a
Convert 45 (base 7) to base 16.
21
What is -7 (base 13) in base 9?
-7
21 (base 16) to base 15
23
What is -46 (base 13) in base 5?
-213
Convert -312 (base 6) to base 7.
-224
-21 (base 3) to base 9
-7
Convert -2221 (base 3) to base 2.
-1001111
1 (base 6) to base 4
1
Convert -20 (base 3) to base 7.
-6
Convert 9 (base 10) to base 3.
100
What is 1331 (base 4) in base 2?
1111101
31 (base 8) to base 5
100
What is 202 (base 8) in base 13?
a0
What is 21 (base 16) in base 9?
36
-130 (base 4) to base 3
-1001
What is -3 (base 12) in base 2?
-11
-5 (base 11) to base 16
-5
What is -3 (base 9) in base 16?
-3
6 (base 7) to base 15
6
What is 1 (base 10) in base 7?
1
15 (base 14) to base 13
16
What is -8 (base 9) in base 11?
-8
Convert -3 (base 16) to base 3.
-10
Convert 2c (base 14) to base 6.
104
What is -10001 (base 2) in base 6?
-25
Convert -6 (base 13) to base 6.
-10
What is 131 (base 4) in base 9?
32
Convert 9 (base 14) to base 5.
14
What is -1 (base 8) in base 6?
-1
What is -13 (base 14) in base 10?
-17
What is -4 (base 12) in base 4?
-10
What is 11 (base 16) in base 6?
25
What is -11 (base 7) in base 16?
-8
Convert -18 (base 9) to base 2.
-10001
26 (base 10) to base 7
35
What is -22 (base 6) in base 5?
-24
Convert 24 (base 7) to base 16.
12
What is -e6 (base 16) in base 9?
-275
0 (base 8) to base 7
0
Convert 15 (base 15) to base 4.
110
Convert -3 (base 10) to base 9.
-3
-de (base 15) to base 8
-321
What is 47 (base 12) in base 5?
210
What is -11 (base 5) in base 8?
-6
-61 (base 7) to base 12
-37
7 (base 9) to base 15
7
61 (base 11) to base 10
67
-10c (base 14) to base 9
-251
-31 (base 9) to base 15
-1d
Convert 2 (base 5) to base 3.
2
What is -4 (base 5) in base 3?
-11
Convert -21 (base 3) to base 15.
-7
What is 101 (base 4) in base 10?
17
What is 2 (base 12) in base 2?
10
What is -7 (base 12) in base 15?
-7
Convert -31 (base 16) to base 5.
-144
What is -51 (base 6) in base 13?
-25
Convert -7 (base 13) to base 4.
-13
Convert -1102 (base 3) to base 12.
-32
Convert -1 (base 10) to base 7.
-1
Convert 11 (base 2) to base 4.
3
-16 (base 13) to base 6
-31
Convert -3 (base 8) to base 12.
-3
What is -1 (base 4) in base 12?
-1
3b (base 12) to base 2
101111
What is b4 (base 15) in base 10?
169
What is 15 (base 14) in base 4?
103
Convert 16 (base 13) to base 8.
23
What is -15 (base 11) in base 10?
-16
What is 2021 (base 3) in base 12?
51
Convert -52 (base 16) to base 3.
-10001
What is -54 (base 9) in base 16?
-31
-3 (base 14) to base 3
-10
-4 (base 9) to base 14
-4
-1 (base 2) to base 7
-1
What is -13 (base 8) in base 4?
-23
-152 (base 11) to base 14
-ca
-12102 (base 3) to base 12
-102
Convert -76 (base 12) to base 14.
-66
Convert 113 (base 5) to b